{"id":37079,"date":"2015-12-23T15:21:59","date_gmt":"2015-12-23T14:21:59","guid":{"rendered":"https:\/\/www.prijedordanas.com\/?page_id=37079"},"modified":"2015-12-23T15:28:47","modified_gmt":"2015-12-23T14:28:47","slug":"uslovi","status":"publish","type":"page","link":"https:\/\/www.prijedordanas.com\/?page_id=37079","title":{"rendered":"Uslovi kori\u0161tenja"},"content":{"rendered":"<p>Uslovi kori\u0161tenja internet portala www.prijedordanas.com<\/p>\n<p>Kori\u0161tenjem sadr\u017eaja internet portala www.prijedordanas.com , automatski se smatra da razumijete i prihvatate sve aktuelne uslove kori\u0161tenja.<\/p>\n<p>Korisnici su du\u017eni da redovno \u010ditaju uslove kori\u0161tenja, te se smatra da su isti svojim kori\u0161tenjem portala ili bilo kojeg njegovog dijela, u svakom trenutku upoznati s aktuelnim uslovima kori\u0161tenja, te da su ih razumjeli u potpunosti.<\/p>\n<p>Niti jedan dio portala www.prijedordanas.com ne smije se koristiti u nezakonite svrhe, niti za promovisanje istih.<\/p>\n<p>Portal www.prijedordanas.com korisnicima pru\u017ea pristup internetskim sadr\u017eajima vezanim za grad Prijedor, njegovu okolinu, te sadr\u017eaje vezane za gra\u0111ane Prijedora.<\/p>\n<p>Svi posjetioci imaju pravo besplatnog kori\u0161tenja sadr\u017eaja portala u slu\u010daju da ne kr\u0161e uslove kori\u0161tenja.<\/p>\n<p>Internet portal www.prijedordanas.com sastoji se od vlastitih (autorskih) sadr\u017eaja, sadr\u017eaja drugih medija, oglasa, reklama, sadr\u017eaja kreiranih od strane posjetilaca i saradnika te linkova na druge stranice.<\/p>\n<p>Pristup internet portalu www.prijedordanas.com i svim njegovim sadr\u017eajima omogu\u0107en je osobama bilo kog uzrasta i pola.<\/p>\n<p>Ukoliko pojedine informacije budu imale odre\u0111ene sadr\u017eaje za koje je potrebna roditeljska pa\u017enja, ili mogu dovesti do uznemirenja \u010ditalaca, o tome \u0107e postojati obavje\u0161tenje.<\/p>\n<p>Internet portal www.prijedordanas.com pola\u017ee autorska prava na sve vlastite sadr\u017eaje (tekstualne, foto\/vizuelne i audio\/video materijale), a svi takvi sadr\u017eaji su uredno ozna\u010deni imenom autora, odnosno imenom portala.<\/p>\n<p>U slu\u010daju da neki od ovih autorskih sadr\u017eaja \u017eelite da koristite, potrebno je da se prije toga obratite samom portalu putem e-maila desk@prijedordanas.com, kako bi ste dobili na\u0161e odobrenje za kori\u0161tenje.<\/p>\n<p>Ukoliko autorske sadr\u017eaje internet portala objavite bez prethodne dozvole, to \u0107e se smatrati kr\u0161enjem autorskih prava portala www.prijedordanas.com i podlo\u017eno je tu\u017ebi.<\/p>\n<p>Ukoliko smatrate da je internet portal www.prijedordanas.com na bilo koji na\u010din povrijedio Va\u0161a autorska prava, obratite nam se na pomenuti e-mail, slu\u010daj \u0107e biti odmah razmotren, a sporni sadr\u017eaji bi\u0107e uklonjeni odmah po ustanovljavanju istinitosti sadr\u017eaja \u017ealbe.<\/p>\n<p>Internet portal www.prijedordanas.com se u potpunosti odri\u010de svake odgovornosti koja mo\u017ee nastati zloupotrebom sadr\u017eaja na drugim mjestima (medijima) i za bilo kakvu \u0161tetu koja mo\u017ee nastati posjetiocu ili bilo kojoj tre\u0107oj strani u vezi sa upotrebom\/zloupotrebom kori\u0161tenja sadr\u017eaja portala.<\/p>\n<p>Portal www.prijedordanas.com zadr\u017eava pravo ukidanja odre\u0111enih sadr\u017eaja, promjene izgleda, sadr\u017eaja i uslova kori\u0161tenja kao i svih dijelova koji su sastavni dio portala bez obaveze i prethodne najave, pri \u010demu nije odgovoran za bilo kakvu \u0161tetu nastalu tim promjenama.<\/p>\n<p>O va\u017enim promjenama, internet portal www.prijedordanas.com mo\u017ee obavijestiti svoje korisnike putem e-maila ili objavljivanjem na portalu.<\/p>\n<p>Kori\u0161tenjem bilo kog sadr\u017eaja na portalu www.prijedordanas.com smatra se da ste upoznati sa uslovima.<\/p>\n","protected":false},"excerpt":{"rendered":"<p>Uslovi kori\u0161tenja internet portala www.prijedordanas.com Kori\u0161tenjem sadr\u017eaja internet portala www.prijedordanas.com , automatski se smatra da razumijete i prihvatate sve aktuelne uslove kori\u0161tenja. Korisnici su du\u017eni da redovno \u010ditaju uslove kori\u0161tenja, [&hellip;]<\/p>\n","protected":false},"author":1,"featured_media":0,"parent":0,"menu_order":0,"comment_status":"closed","ping_status":"closed","template":"","meta":{"_monsterinsights_skip_tracking":false,"_monsterinsights_sitenote_active":false,"_monsterinsights_sitenote_note":"","_monsterinsights_sitenote_category":0,"footnotes":""},"yoast_head":"<!-- This site is optimized with the Yoast SEO plugin v21.6 - https:\/\/yoast.com\/wordpress\/plugins\/seo\/ -->\n<title>Uslovi kori\u0161tenja - PrijedorDanas.com - Prijedorski gradski portal<\/title>\n<meta name=\"robots\" content=\"index, follow, max-snippet:-1, max-image-preview:large, max-video-preview:-1\" \/>\n<link rel=\"canonical\" href=\"https:\/\/www.prijedordanas.com\/?page_id=37079\" \/>\n<meta property=\"og:locale\" content=\"en_US\" \/>\n<meta property=\"og:type\" content=\"article\" \/>\n<meta property=\"og:title\" content=\"Uslovi kori\u0161tenja - PrijedorDanas.com - Prijedorski gradski portal\" \/>\n<meta property=\"og:description\" content=\"Uslovi kori\u0161tenja internet portala www.prijedordanas.com Kori\u0161tenjem sadr\u017eaja internet portala www.prijedordanas.com , automatski se smatra da razumijete i prihvatate sve aktuelne uslove kori\u0161tenja. Korisnici su du\u017eni da redovno \u010ditaju uslove kori\u0161tenja, [&hellip;]\" \/>\n<meta property=\"og:url\" content=\"https:\/\/www.prijedordanas.com\/?page_id=37079\" \/>\n<meta property=\"og:site_name\" content=\"PrijedorDanas.com - Prijedorski gradski portal\" \/>\n<meta property=\"article:publisher\" content=\"https:\/\/www.facebook.com\/PrijedorDanasCom\/\" \/>\n<meta property=\"article:modified_time\" content=\"2015-12-23T14:28:47+00:00\" \/>\n<meta name=\"twitter:card\" content=\"summary_large_image\" \/>\n<meta name=\"twitter:label1\" content=\"Est. reading time\" \/>\n\t<meta name=\"twitter:data1\" content=\"2 minutes\" \/>\n<script type=\"application\/ld+json\" class=\"yoast-schema-graph\">{\"@context\":\"https:\/\/schema.org\",\"@graph\":[{\"@type\":\"Article\",\"@id\":\"https:\/\/www.prijedordanas.com\/?page_id=37079#article\",\"isPartOf\":{\"@id\":\"https:\/\/www.prijedordanas.com\/?page_id=37079\"},\"author\":{\"name\":\"admin\",\"@id\":\"https:\/\/www.prijedordanas.com\/#\/schema\/person\/4e08ccf29b506ca916ff86d46bb700e6\"},\"headline\":\"Uslovi kori\u0161tenja\",\"datePublished\":\"2015-12-23T14:21:59+00:00\",\"dateModified\":\"2015-12-23T14:28:47+00:00\",\"mainEntityOfPage\":{\"@id\":\"https:\/\/www.prijedordanas.com\/?page_id=37079\"},\"wordCount\":492,\"publisher\":{\"@id\":\"https:\/\/www.prijedordanas.com\/#organization\"},\"inLanguage\":\"en-US\"},{\"@type\":\"WebPage\",\"@id\":\"https:\/\/www.prijedordanas.com\/?page_id=37079\",\"url\":\"https:\/\/www.prijedordanas.com\/?page_id=37079\",\"name\":\"Uslovi kori\u0161tenja - PrijedorDanas.com - Prijedorski gradski portal\",\"isPartOf\":{\"@id\":\"https:\/\/www.prijedordanas.com\/#website\"},\"datePublished\":\"2015-12-23T14:21:59+00:00\",\"dateModified\":\"2015-12-23T14:28:47+00:00\",\"breadcrumb\":{\"@id\":\"https:\/\/www.prijedordanas.com\/?page_id=37079#breadcrumb\"},\"inLanguage\":\"en-US\",\"potentialAction\":[{\"@type\":\"ReadAction\",\"target\":[\"https:\/\/www.prijedordanas.com\/?page_id=37079\"]}]},{\"@type\":\"BreadcrumbList\",\"@id\":\"https:\/\/www.prijedordanas.com\/?page_id=37079#breadcrumb\",\"itemListElement\":[{\"@type\":\"ListItem\",\"position\":1,\"name\":\"Home\",\"item\":\"https:\/\/www.prijedordanas.com\/\"},{\"@type\":\"ListItem\",\"position\":2,\"name\":\"Uslovi kori\u0161tenja\"}]},{\"@type\":\"WebSite\",\"@id\":\"https:\/\/www.prijedordanas.com\/#website\",\"url\":\"https:\/\/www.prijedordanas.com\/\",\"name\":\"PrijedorDanas.com - Prijedorski gradski portal\",\"description\":\"Portal o doga\u0111anjima u gradu Prijedoru\",\"publisher\":{\"@id\":\"https:\/\/www.prijedordanas.com\/#organization\"},\"potentialAction\":[{\"@type\":\"SearchAction\",\"target\":{\"@type\":\"EntryPoint\",\"urlTemplate\":\"https:\/\/www.prijedordanas.com\/?s={search_term_string}\"},\"query-input\":\"required name=search_term_string\"}],\"inLanguage\":\"en-US\"},{\"@type\":\"Organization\",\"@id\":\"https:\/\/www.prijedordanas.com\/#organization\",\"name\":\"PrijedorDanas.com\",\"url\":\"https:\/\/www.prijedordanas.com\/\",\"logo\":{\"@type\":\"ImageObject\",\"inLanguage\":\"en-US\",\"@id\":\"https:\/\/www.prijedordanas.com\/#\/schema\/logo\/image\/\",\"url\":\"http:\/\/www.prijedordanas.com\/wp-content\/uploads\/2021\/12\/logopng.png\",\"contentUrl\":\"http:\/\/www.prijedordanas.com\/wp-content\/uploads\/2021\/12\/logopng.png\",\"width\":1019,\"height\":776,\"caption\":\"PrijedorDanas.com\"},\"image\":{\"@id\":\"https:\/\/www.prijedordanas.com\/#\/schema\/logo\/image\/\"},\"sameAs\":[\"https:\/\/www.facebook.com\/PrijedorDanasCom\/\"]},{\"@type\":\"Person\",\"@id\":\"https:\/\/www.prijedordanas.com\/#\/schema\/person\/4e08ccf29b506ca916ff86d46bb700e6\",\"name\":\"admin\",\"image\":{\"@type\":\"ImageObject\",\"inLanguage\":\"en-US\",\"@id\":\"https:\/\/www.prijedordanas.com\/#\/schema\/person\/image\/\",\"url\":\"https:\/\/secure.gravatar.com\/avatar\/1d3fc949d550f0b53a5f0d51e06dfd79?s=96&d=mm&r=g\",\"contentUrl\":\"https:\/\/secure.gravatar.com\/avatar\/1d3fc949d550f0b53a5f0d51e06dfd79?s=96&d=mm&r=g\",\"caption\":\"admin\"},\"url\":\"https:\/\/www.prijedordanas.com\/?author=1\"}]}<\/script>\n<!-- \/ Yoast SEO plugin. -->","yoast_head_json":{"title":"Uslovi kori\u0161tenja - PrijedorDanas.com - Prijedorski gradski portal","robots":{"index":"index","follow":"follow","max-snippet":"max-snippet:-1","max-image-preview":"max-image-preview:large","max-video-preview":"max-video-preview:-1"},"canonical":"https:\/\/www.prijedordanas.com\/?page_id=37079","og_locale":"en_US","og_type":"article","og_title":"Uslovi kori\u0161tenja - PrijedorDanas.com - Prijedorski gradski portal","og_description":"Uslovi kori\u0161tenja internet portala www.prijedordanas.com Kori\u0161tenjem sadr\u017eaja internet portala www.prijedordanas.com , automatski se smatra da razumijete i prihvatate sve aktuelne uslove kori\u0161tenja. Korisnici su du\u017eni da redovno \u010ditaju uslove kori\u0161tenja, [&hellip;]","og_url":"https:\/\/www.prijedordanas.com\/?page_id=37079","og_site_name":"PrijedorDanas.com - Prijedorski gradski portal","article_publisher":"https:\/\/www.facebook.com\/PrijedorDanasCom\/","article_modified_time":"2015-12-23T14:28:47+00:00","twitter_card":"summary_large_image","twitter_misc":{"Est. reading time":"2 minutes"},"schema":{"@context":"https:\/\/schema.org","@graph":[{"@type":"Article","@id":"https:\/\/www.prijedordanas.com\/?page_id=37079#article","isPartOf":{"@id":"https:\/\/www.prijedordanas.com\/?page_id=37079"},"author":{"name":"admin","@id":"https:\/\/www.prijedordanas.com\/#\/schema\/person\/4e08ccf29b506ca916ff86d46bb700e6"},"headline":"Uslovi kori\u0161tenja","datePublished":"2015-12-23T14:21:59+00:00","dateModified":"2015-12-23T14:28:47+00:00","mainEntityOfPage":{"@id":"https:\/\/www.prijedordanas.com\/?page_id=37079"},"wordCount":492,"publisher":{"@id":"https:\/\/www.prijedordanas.com\/#organization"},"inLanguage":"en-US"},{"@type":"WebPage","@id":"https:\/\/www.prijedordanas.com\/?page_id=37079","url":"https:\/\/www.prijedordanas.com\/?page_id=37079","name":"Uslovi kori\u0161tenja - PrijedorDanas.com - Prijedorski gradski portal","isPartOf":{"@id":"https:\/\/www.prijedordanas.com\/#website"},"datePublished":"2015-12-23T14:21:59+00:00","dateModified":"2015-12-23T14:28:47+00:00","breadcrumb":{"@id":"https:\/\/www.prijedordanas.com\/?page_id=37079#breadcrumb"},"inLanguage":"en-US","potentialAction":[{"@type":"ReadAction","target":["https:\/\/www.prijedordanas.com\/?page_id=37079"]}]},{"@type":"BreadcrumbList","@id":"https:\/\/www.prijedordanas.com\/?page_id=37079#breadcrumb","itemListElement":[{"@type":"ListItem","position":1,"name":"Home","item":"https:\/\/www.prijedordanas.com\/"},{"@type":"ListItem","position":2,"name":"Uslovi kori\u0161tenja"}]},{"@type":"WebSite","@id":"https:\/\/www.prijedordanas.com\/#website","url":"https:\/\/www.prijedordanas.com\/","name":"PrijedorDanas.com - Prijedorski gradski portal","description":"Portal o doga\u0111anjima u gradu Prijedoru","publisher":{"@id":"https:\/\/www.prijedordanas.com\/#organization"},"potentialAction":[{"@type":"SearchAction","target":{"@type":"EntryPoint","urlTemplate":"https:\/\/www.prijedordanas.com\/?s={search_term_string}"},"query-input":"required name=search_term_string"}],"inLanguage":"en-US"},{"@type":"Organization","@id":"https:\/\/www.prijedordanas.com\/#organization","name":"PrijedorDanas.com","url":"https:\/\/www.prijedordanas.com\/","logo":{"@type":"ImageObject","inLanguage":"en-US","@id":"https:\/\/www.prijedordanas.com\/#\/schema\/logo\/image\/","url":"http:\/\/www.prijedordanas.com\/wp-content\/uploads\/2021\/12\/logopng.png","contentUrl":"http:\/\/www.prijedordanas.com\/wp-content\/uploads\/2021\/12\/logopng.png","width":1019,"height":776,"caption":"PrijedorDanas.com"},"image":{"@id":"https:\/\/www.prijedordanas.com\/#\/schema\/logo\/image\/"},"sameAs":["https:\/\/www.facebook.com\/PrijedorDanasCom\/"]},{"@type":"Person","@id":"https:\/\/www.prijedordanas.com\/#\/schema\/person\/4e08ccf29b506ca916ff86d46bb700e6","name":"admin","image":{"@type":"ImageObject","inLanguage":"en-US","@id":"https:\/\/www.prijedordanas.com\/#\/schema\/person\/image\/","url":"https:\/\/secure.gravatar.com\/avatar\/1d3fc949d550f0b53a5f0d51e06dfd79?s=96&d=mm&r=g","contentUrl":"https:\/\/secure.gravatar.com\/avatar\/1d3fc949d550f0b53a5f0d51e06dfd79?s=96&d=mm&r=g","caption":"admin"},"url":"https:\/\/www.prijedordanas.com\/?author=1"}]}},"_links":{"self":[{"href":"https:\/\/www.prijedordanas.com\/index.php?rest_route=\/wp\/v2\/pages\/37079"}],"collection":[{"href":"https:\/\/www.prijedordanas.com\/index.php?rest_route=\/wp\/v2\/pages"}],"about":[{"href":"https:\/\/www.prijedordanas.com\/index.php?rest_route=\/wp\/v2\/types\/page"}],"author":[{"embeddable":true,"href":"https:\/\/www.prijedordanas.com\/index.php?rest_route=\/wp\/v2\/users\/1"}],"replies":[{"embeddable":true,"href":"https:\/\/www.prijedordanas.com\/index.php?rest_route=%2Fwp%2Fv2%2Fcomments&post=37079"}],"version-history":[{"count":4,"href":"https:\/\/www.prijedordanas.com\/index.php?rest_route=\/wp\/v2\/pages\/37079\/revisions"}],"predecessor-version":[{"id":37084,"href":"https:\/\/www.prijedordanas.com\/index.php?rest_route=\/wp\/v2\/pages\/37079\/revisions\/37084"}],"wp:attachment":[{"href":"https:\/\/www.prijedordanas.com\/index.php?rest_route=%2Fwp%2Fv2%2Fmedia&parent=37079"}],"curies":[{"name":"wp","href":"https:\/\/api.w.org\/{rel}","templated":true}]}}